divisor of 75 and 9?
3
Calculate the greatest common factor of 244 and 854.
122
Calculate the highest common factor of 384 and 4.
4
What is the highest common factor of 564 and 2444?
188
What is the greatest common divisor of 598 and 46?
46
Calculate the greatest common factor of 10 and 32.
2
Calculate the highest common divisor of 748 and 440.
44
Calculate the highest common factor of 66 and 1474.
22
What is the greatest common divisor of 16 and 1288?
8
What is the highest common divisor of 30 and 330?
30
What is the highest common factor of 2058 and 42?
42
What is the greatest common divisor of 437 and 551?
19
Calculate the highest common factor of 1053 and 39.
39
What is the greatest common factor of 1207 and 213?
71
What is the greatest common divisor of 12 and 63276?
12
Calculate the greatest common factor of 1287 and 585.
117
What is the greatest common divisor of 11414 and 26?
26
What is the greatest common divisor of 600 and 4350?
150
What is the highest common factor of 54 and 513?
27
Calculate the highest common factor of 660 and 6.
6
Calculate the greatest common factor of 110 and 90.
10
Calculate the highest common divisor of 410 and 120.
10
Calculate the highest common factor of 21 and 159.
3
Calculate the greatest common factor of 2 and 156.
2
What is the highest common divisor of 72 and 200?
8
What is the highest common divisor of 495 and 1881?
99
Calculate the greatest common divisor of 3 and 1399.
1
What is the greatest common divisor of 8 and 24?
8
Calculate the greatest common divisor of 111 and 296.
37
What is the highest common factor of 3 and 348?
3
What is the greatest common factor of 169 and 13?
13
What is the greatest common factor of 189 and 117?
9
Calculate the highest common divisor of 660 and 176.
44
Calculate the greatest common factor of 39 and 8320.
13
What is the greatest common factor of 209 and 1463?
209
Calculate the highest common factor of 6509 and 23.
23
What is the greatest common factor of 56 and 70?
14
What is the highest common divisor of 24 and 12048?
24
What is the highest common factor of 63 and 657?
9
Calculate the highest common divisor of 96 and 512.
32
Calculate the greatest common divisor of 896 and 1288.
56
What is the highest common divisor of 1908 and 84?
12
What is the highest common divisor of 80 and 8440?
40
Calculate the greatest common factor of 6908 and 22.
22
What is the greatest common divisor of 1704 and 120?
24
Calculate the highest common factor of 124 and 4030.
62
Calculate the greatest common factor of 938 and 868.
14
What is the greatest common factor of 175 and 535?
5
What is the highest common divisor of 248 and 14?
2
What is the greatest common factor of 2 and 1?
1
What is the highest common factor of 8 and 4232?
8
Calculate the greatest common divisor of 216 and 171.
9
Calculate the highest common factor of 20 and 1310.
10
Calculate the greatest common factor of 32 and 1952.
32
What is the highest common factor of 350 and 2950?
50
What is the highest common divisor of 1070 and 130?
10
Calculate the greatest common factor of 42 and 147.
21
Calculate the greatest common divisor of 25 and 1975.
25
What is the greatest common divisor of 88 and 1078?
22
What is the highest common divisor of 10 and 130?
10
Calculate the greatest common factor of 20 and 430.
10
Calculate the greatest common divisor of 12 and 8532.
12
What is the greatest common factor of 372 and 3844?
124
Calculate the greatest common divisor of 30 and 3750.
30
Calculate the highest common divisor of 208 and 494.
26
What is the greatest common factor of 92 and 1?
1
What is the highest common factor of 535 and 5?
5
What is the highest common divisor of 1 and 760?
1
What is the greatest common divisor of 15957 and 81?
81
Calculate the highest common factor of 12 and 3786.
6
What is the highest common factor of 804 and 12?
12
Calculate the greatest common divisor of 97 and 13289.
97
What is the highest common divisor of 47 and 235?
47
Calculate the highest common factor of 344 and 387.
43
What is the highest common divisor of 36 and 1602?
18
Calculate the highest common factor of 42 and 12.
6
Calculate the greatest common factor of 3993 and 132.
33
Calculate the highest common factor of 40 and 120.
40
What is the greatest common divisor of 102 and 442?
34
Calculate the highest common factor of 23 and 184.
23
Calculate the highest common factor of 1037 and 3.
1
Calculate the greatest common factor of 2534 and 56.
14
What is the highest common divisor of 24 and 300?
12
Calculate the greatest common divisor of 95 and 155.
5
What is the greatest common divisor of 87 and 48?
3
What is the highest common factor of 2043 and 45?
9
What is the highest common divisor of 7 and 413?
7
What is the greatest common factor of 603 and 36?
9
What is the greatest common factor of 378 and 854?
14
What is the greatest common divisor of 589 and 38?
19
What is the highest common divisor of 12369 and 38?
19
Calculate the highest common factor of 630 and 60.
30
What is the greatest common divisor of 9 and 69?
3
What is the greatest common factor of 425 and 100?
25
What is the greatest common factor of 2538 and 9?
9
What is the highest common divisor of 84 and 49?
7
What is the greatest common divisor of 325 and 39?
13
What is the highest common divisor of 33 and 3872?
11
Calculate the highest common divisor of 90 and 162.
18
Calculate the greatest common divisor of 3340 and 10.
10
Calculate the highest common factor of 792 and 7326.
198
Calculate the highest common divisor of 3456 and 18.
18
Calculate the highest common divisor of 43 and 129.
43
Calculate the greatest common divisor of 150 and 930.
30
What is the greatest common factor of 52 and 260?
52
What is the highest common factor of 231 and 77?
77
What is the greatest common divisor of 125 and 775?
25
Calculate the greatest common divisor of 707 and 505.
101
What is the highest common factor of 195 and 11505?
195
Calculate the greatest common divisor of 45 and 18.
9
Calculate the highest common factor of 105 and 483.
21
What is the greatest common factor of 320 and 25?
5
Calculate the highest common divisor of 39 and 5811.
39
Calculate the greatest common divisor of 1 and 1.
1
Calculate the highest common factor of 25 and 160.
5
Calculate the highest common divisor of 72 and 792.
72
What is the highest common divisor of 4 and 9636?
4
What is the greatest common divisor of 247 and 57?
19
Calculate the highest common factor of 198 and 5874.
66
What is the highest common factor of 6061 and 418?
209
What is the highest common factor of 297 and 11?
11
Calculate the greatest common factor of 56 and 1673.
7
What is the greatest common factor of 621 and 368?
23
Calculate the highest common divisor of 2821 and 104.
13
Calculate the highest common divisor of 30 and 534.
6
What is the greatest common divisor of 30 and 23520?
30
What is the highest common factor of 400 and 475?
25
What is the greatest common divisor of 50 and 14?
2
What is the highest common divisor of 10 and 410?
10
What is the highest common divisor of 2 and 362?
2
Calculate the greatest common factor of 164 and 5166.
82
What is the greatest common divisor of 390 and 130?
130
Calculate the greatest common divisor of 55 and 1375.
55
Calculate the highest common divisor of 25 and 775.
25
What is the highest common factor of 14 and 112?
14
Calculate the highest common factor of 95 and 1501.
19
What is the greatest common factor of 328 and 44772?
164
Calculate the highest common factor of 146 and 4.
2
What is the highest common factor of 42 and 16674?
42
What is the highest common factor of 188 and 8?
4
What is the greatest common divisor of 231 and 847?
77
What is the highest common factor of 8 and 1336?
8
Calculate the greatest common divisor of 7188 and 12.
12
What is the highest common factor of 60 and 2610?
30
Calculate the highest common factor of 174 and 144.
6
What is the greatest common factor of 91 and 7189?
91
Calculate the highest common factor of 274 and 74.
2
Calculate the greatest common divisor of 87 and 4089.
87
Calculate the greatest common factor of 1922 and 62.
62
What is the highest common factor of 156 and 260?
52
What is the highest common divisor of 60 and 200?
20
Calculate the highest common factor o